u(10). What are the prime factors of j(v)?
3, 17
Let k be 1/(-2) + (-55)/(-22). Suppose k*s + 2*s - l = 122, l = 2. List the prime factors of s.
31
Suppose -f = 3*f. Suppose f = -5*q - d + 225, -q + 2*q - 45 = -3*d. What are the prime factors of q?
3, 5
Suppose 3 - 15 = -4*a. Suppose a = -w - 2. Let n = w - -7. What are the prime factors of n?
2
Let z = 86 + -24. Let d = z - 36. What are the prime factors of d?
2, 13
Let a(h) = 238*h**2 - h + 1. List the prime factors of a(-1).
2, 3, 5
Suppose 13*k = 2139 - 111. What are the prime factors of k?
2, 3, 13
Let f(o) = -4*o - 4. Let c = -14 + 9. Let r be f(c). Suppose 0 = i - 0*i - r. List the prime factors of i.
2
Let q be (4/2)/((-2)/9). Let u = -4 - q. Suppose -h - 40 = -u*h. What are the prime factors of h?
2, 5
Let l = 59 - 48. What are the prime factors of l?
11
Suppose -90 = -15*q + 12*q. Suppose q = 6*l - 3*l. What are the prime factors of l?
2, 5
Let s(m) = -8*m + 25. List the prime factors of s(-16).
3, 17
Let i(x) = 4*x**2 - 2*x + 2. Let w be i(2). Suppose 7 = -r + w. What are the prime factors of r?
7
Let m = 7 + -2. Suppose -4*o - m*a - 19 = 0, -5*o + 2*a + 6 - 38 = 0. Let w(h) = -h**2 - 6*h + 6. List the prime factors of w(o).
2, 3
Suppose 5*z - 110 = -40. Let u(a) = a**3 - 13*a**2 - 11*a - 11. List the prime factors of u(z).
31
Let t(z) = z + 8. Let x be t(-10). Let d be x*1 + (5 - 2). List the prime factors of (-56)/(-16) - d/(-2).
2
Suppose 131*h = 130*h + 101. List the prime factors of h.
101
Suppose 0 = -5*l - 4 + 9. Suppose -2*h + 3*n - 10 = l, 5*h + 5 = 3*n. Suppose y = h*y - 4*x - 33, 5*y - x = 70. List the prime factors of y.
13
Let r be 340/(-35) + (-4)/14. Let i be (2 - 1) + -3 - r. Suppose -q - y = -5, y - 21 = -2*q - i. What are the prime factors of q?
2
Suppose -i - 4*c = -4*i - 72, -3*i = c + 72. List the prime factors of (35/(-28))/(1/i).
2, 3, 5
Let j(f) = 4*f**2 - f + 2. List the prime factors of j(1).
5
Suppose 2*w + 26 = 4*u, -4*u - 3*w - 4 = w. What are the prime factors of u?
2
Let f(j) = 10*j**3 + j + 2. What are the prime factors of f(2)?
2, 3, 7
Let h(o) be the first derivative of -3*o**2/2 - 6*o + 2. Let r = -19 - -14. What are the prime factors of h(r)?
3
Suppose 5*f - 53 = -4*s, 2 = 3*s - 2*s. Suppose v = 2*v - f. What are the prime factors of v?
3
Let l = -3 - 5. List the prime factors of 45/(-12)*l/3.
2, 5
Suppose -4*o + 140 = -3*i, -4*o = -5*o - i + 42. Let r = o - 24. What are the prime factors of r?
2, 7
Let o(k) = k**2 + 5*k + 7. Suppose -12 = 4*t + 12. List the prime factors of o(t).
13
Suppose 2*j - 3*y = 158, 5*y = 4*j + y - 324. What are the prime factors of j?
5, 17
Let o(t) = -t**2 + t. Let s be o(3). Let w be 1/(-1) - (s + 0). Suppose 2*v = -4*k + 18 + 6, w*k = -3*v + 33. List the prime factors of v.
2, 3
Suppose -2*u - 285 = -7*u. List the prime factors of u.
3, 19
Suppose 60 + 23 = 4*m - 5*n, m - 20 = n. List the prime factors of m.
17
Let f(g) = -g - 14. Let y be f(-9). Let x be 4*(10/(-4))/y. What are the prime factors of 152/20 + x/5?
2
Suppose 4*o = 2*w + 16, -o + 3*w + 9 = 2*o. What are the prime factors of o?
5
Let j = 204 + -141. Let v = j - 37. What are the prime factors of v?
2, 13
Let m = -3 - -59. List the prime factors of m.
2, 7
Let w(z) = 25*z**3 + z**2 - 1. Let a be w(2). Suppose 7 = 3*l - a. Suppose 5*u = 2*p + 65, -5*u - 2*p + 5*p = -l. What are the prime factors of u?
11
Suppose 3*d + 18 = 2*p, -d = 5*p - 4*p - 4. List the prime factors of -27*(2 - (p + -3)).
3
Suppose 5*h - 2 = 7*h. Let v(g) = -16*g**2 - 13. Let p(n) = 8*n**2 + 7. Let s(j) = -11*p(j) - 6*v(j). List the prime factors of s(h).
3
Let x be (-2 - 0)*(-1)/(-2). What are the prime factors of (-3)/1 - 15*x?
2, 3
What are the prime factors of (108/10)/((-2)/(-35))?
3, 7
Suppose -2*u = 2*j - 294, 10*u - 767 = 5*u + 3*j. List the prime factors of u.
151
Let l(u) be the third derivative of u**4/24 + u**3/6 - 2*u**2. Let p be l(1). Suppose p*z - 13 = 9. List the prime factors of z.
11
Let q = 3 + 6. Suppose -a - q = 2*a. What are the prime factors of ((-4)/a)/((-4)/(-6))?
2
Suppose 3*y - 288 + 80 = 5*g, 72 = y - g. What are the prime factors of y?
2, 19
Suppose 211 = h + 3*b, -3*b + 653 = 3*h + 2*b. What are the prime factors of h?
2, 113
Suppose -5*x - 10 = -3*v, v + x + 9 = 3*v. Suppose 5*r + v = -0, 5*r = 3*g + 523. List the prime factors of (-2)/6 - g/24.
7
Suppose 3*g = 9, 2*w = g + g + 212. What are the prime factors of w?
109
Suppose 4*d - 4 = 8. What are the prime factors of d/((-3)/(-13)) - 3?
2, 5
Suppose -2*h + 6 = 0, -2*h - 493 = -5*r + 416. What are the prime factors of r?
3, 61
Let k(b) = 20*b - 27. What are the prime factors of k(4)?
53
Let q = -9 + 3. Let b(u) = -u**2 - 6*u + 1. Let o(c) = c**2 + 6*c. Let l(w) = 2*b(w) + 3*o(w). What are the prime factors of l(q)?
2
Let a(w) = -w**3 - 6*w**2 - 4*w + 7. Let j be a(-5). Suppose 2*x - 7 = r, -x + 0*x + r = -j. List the prime factors of x.
5
Let x = 29 + 25. What are the prime factors of x?
2, 3
Let n = 10 - 9. Suppose -6 = -g - 2*g. Suppose -2*l - 4*f = -12, n + 4 = g*l - 3*f. What are the prime factors of l?
2
Let u be (1/2)/(2/(-24)). Let w be ((-9)/(-6))/(u/(-8)). Suppose -w*x = -14 - 6. List the prime factors of x.
2, 5
Let r(o) = 1 + 0*o + 3*o + 4*o**3 - 4*o. Let a be r(1). Suppose -i + 11 = 2*l + 1, 4*i = a*l - 8. List the prime factors of i.
2
Suppose 3*h = -9, h - 1150 = -4*j - h. List the prime factors of j.
17
Let u(p) = -p**3 - 4*p**2 + 7*p + 4. Let s be u(-6). Let g = s - -54. What are the prime factors of 8/(-28) - g/(-14)?
2, 3
Let t(u) = -u**3 + 5*u**2 + 10*u - 11. List the prime factors of t(6).
13
Let a be (3 + -7 + 0)*1. What are the prime factors of 1 + (-3)/12*a?
2
Suppose -4*p = 16 + 4, p = 5*y - 25. What are the prime factors of 58/y + (-2)/4?
2, 7
Let g = 19 - 2. Let j = 13 + -25. Let u = g + j. What are the prime factors of u?
5
Let i(y) = y**3 + 3*y**2 + 2*y + 1. Let o be i(-2). Let d = 1 + o. Suppose -2*f = -6*f + d*x + 30, -5*x = 4*f - 51. List the prime factors of f.
3
Let g(q) be the second derivative of q**3/2 - 11*q**2/2 + 3*q. List the prime factors of g(8).
13
Let o = 43 - 9. What are the prime factors of o?
2, 17
Let o = 38 - 24. What are the prime factors of o?
2, 7
Let t(i) = -5*i - 4. Let h be t(-4). Let v = h + -4. List the prime factors of v.
2, 3
Suppose 5*m - 180 = 3*i, -6 - 138 = -4*m + 2*i. Let x = 55 - m. What are the prime factors of x?
19
Let b(h) = h**3 + 7*h**2 + 4*h - 1. Suppose a - 5*z + 25 = -4*a, 25 = -5*a - 3*z. Let l = -1 + a. List the prime factors of b(l).
11
Let g = 31 - 17. List the prime factors of g.
2, 7
Suppose i - 3*i + 20 = 0. Let u(p) = -p**3 + 9*p**2 + 11*p - 6. Let g be u(i). What are the prime factors of g*3*(-3)/(-18)?
2
Let y(v) = 4*v - 3. Let p(c) = 2*c - 1. Let f(d) = -5*p(d) + 2*y(d). List the prime factors of f(-3).
5
Let h be (0 - -1)/((-7)/(-21)). Suppose -13 = -4*b - g, h*b + 3*g - 5 = 7. Suppose -4*q + b*x = 4*x - 51, 0 = -2*x - 2. What are the prime factors of q?
13
Let c be (-2)/8 + 12/48. Suppose -2*p = -5*y - 121, c = -4*p - y + 3*y + 202. What are the prime factors of p?
2, 3
Let i(q) = -2*q + q**3 - 3*q**2 + 6*q - q + 0*q. Let o be i(2). Let r = o + 5. What are the prime factors of r?
7
Let u = -141 + 61. Let i = u + 123. Suppose -4*j - m = -70, 3*j - i = 4*m - 0*m. What are the prime factors of j?
17
Let g be (1 + -1)*(3 - 2). List the prime factors of 56/4 - (g + -1).
3, 5
Suppose 0 = -3*w + 2*j + 176, -5*w = 3*j + j - 264. What are the prime factors of w?
2, 7
Let c be -1 - 29*-2 - 2. Suppose -3*a = 2*a - c. List the prime factors of a.
11
Suppose 12 = 4*y, -c - 5*y + 21 = -2*c. Let f = c - -22. What are the prime factors of f?
2
Let c = -7 - -11. Suppose w + 2*w + 6 = -s, -8 = c*w + 4*s. What are the prime factors of (w/(-6))/(1/9)?
3
Let y be 187/33 - (-2)/(-3). Suppose -v + 0*v = -y*p - 4, 5*v - p - 44 = 0. What are the prime factors of v?
3
Suppose 2*s + 27 = 5*v - 2*s, -4*v + 2*s = -18. Suppose -v*c + 29 = -0*k + k, 0 = -3*k - 12. What are the prime factors of c?
11
Let m be (-2)/(-8) + 12/16. What are the prime factors of 0 + (-30)/(-3) - m?
3
Suppose 3*l + 2*d = 21 - 4, -4*l - 5*d = -32. Suppose -4*v - v - 52 = -l*w, -w = -2*v - 19. List the prime factors of w.
3
Let g(o) = o**3 - 3*o**2 + o + 4. Let h be g(4)